ulate the highest common divisor of 3 and 21921.
3
What is the highest common divisor of 1134 and 24?
6
Calculate the greatest common factor of 95 and 95.
95
What is the highest common divisor of 730 and 30?
10
What is the highest common factor of 236 and 19234?
118
What is the highest common divisor of 3890 and 50?
10
What is the highest common factor of 1876 and 56?
28
What is the highest common factor of 549 and 6?
3
Calculate the highest common divisor of 30 and 48.
6
What is the highest common divisor of 48 and 14124?
12
What is the highest common divisor of 216 and 516?
12
Calculate the highest common factor of 23 and 184.
23
What is the highest common factor of 66 and 330?
66
Calculate the greatest common divisor of 1690 and 50.
10
What is the highest common divisor of 110 and 20?
10
Calculate the highest common divisor of 121 and 99.
11
What is the highest common factor of 12 and 1068?
12
What is the highest common divisor of 57 and 114?
57
Calculate the highest common factor of 391 and 46.
23
What is the highest common divisor of 15 and 145?
5
Calculate the greatest common factor of 30 and 830.
10
Calculate the highest common factor of 28 and 364.
28
Calculate the greatest common factor of 256 and 16.
16
Calculate the greatest common factor of 287 and 164.
41
What is the greatest common divisor of 110 and 506?
22
Calculate the highest common factor of 3377 and 11.
11
Calculate the highest common divisor of 5184 and 32.
32
What is the greatest common divisor of 3010 and 70?
70
What is the highest common factor of 544 and 68?
68
What is the greatest common divisor of 92 and 4462?
46
Calculate the greatest common factor of 54 and 810.
54
What is the highest common factor of 166 and 86?
2
Calculate the greatest common factor of 783 and 29.
29
What is the greatest common factor of 639 and 9?
9
What is the highest common divisor of 1023 and 93?
93
Calculate the greatest common divisor of 4992 and 512.
128
What is the highest common divisor of 5100 and 17?
17
What is the greatest common divisor of 705 and 75?
15
Calculate the greatest common factor of 572 and 3212.
44
What is the highest common divisor of 396 and 36?
36
Calculate the highest common factor of 3654 and 42.
42
What is the highest common factor of 112 and 1064?
56
What is the greatest common factor of 4944 and 48?
48
Calculate the greatest common divisor of 244 and 61.
61
Calculate the greatest common factor of 28 and 28.
28
What is the highest common divisor of 147 and 315?
21
What is the greatest common factor of 48 and 4764?
12
Calculate the greatest common factor of 1380 and 36.
12
Calculate the highest common factor of 217 and 15841.
217
Calculate the greatest common divisor of 140 and 28280.
140
Calculate the greatest common factor of 950 and 250.
50
Calculate the highest common divisor of 575 and 375.
25
Calculate the highest common divisor of 20 and 32.
4
What is the greatest common factor of 46 and 529?
23
Calculate the greatest common divisor of 336 and 238.
14
What is the greatest common factor of 1704 and 24?
24
Calculate the greatest common divisor of 72 and 276.
12
What is the highest common divisor of 224 and 1512?
56
Calculate the highest common factor of 3876 and 152.
76
Calculate the greatest common factor of 2071 and 19.
19
Calculate the highest common factor of 111 and 740.
37
Calculate the greatest common divisor of 19 and 532.
19
Calculate the highest common divisor of 66 and 363.
33
What is the highest common factor of 96 and 816?
48
What is the greatest common divisor of 304 and 1264?
16
Calculate the highest common divisor of 66 and 209.
11
Calculate the highest common divisor of 1643 and 31.
31
What is the highest common factor of 234 and 26?
26
What is the highest common factor of 1 and 104?
1
What is the highest common divisor of 6 and 282?
6
Calculate the greatest common factor of 60 and 996.
12
What is the highest common factor of 10 and 10?
10
What is the highest common divisor of 144 and 270?
18
Calculate the highest common factor of 232 and 1160.
232
Calculate the highest common factor of 520 and 39.
13
Calculate the greatest common divisor of 336 and 1104.
48
What is the highest common factor of 4974 and 30?
6
Calculate the greatest common divisor of 16 and 18896.
16
What is the highest common factor of 45 and 1215?
45
What is the highest common factor of 1099 and 98?
7
Calculate the greatest common divisor of 2163 and 8961.
309
Calculate the highest common factor of 5640 and 840.
120
Calculate the highest common factor of 378 and 399.
21
What is the highest common divisor of 1740 and 12?
12
What is the highest common factor of 9387 and 63?
63
Calculate the highest common factor of 275 and 1727.
11
Calculate the greatest common divisor of 2292 and 12.
12
What is the greatest common divisor of 2 and 25892?
2
Calculate the greatest common factor of 133 and 21.
7
What is the greatest common factor of 4 and 326?
2
Calculate the greatest common divisor of 256 and 22976.
64
Calculate the greatest common divisor of 2491 and 318.
53
What is the greatest common divisor of 13 and 8411?
13
Calculate the greatest common factor of 756 and 28.
28
Calculate the greatest common factor of 16 and 50.
2
What is the greatest common divisor of 985 and 25?
5
Calculate the greatest common factor of 209 and 3382.
19
What is the greatest common divisor of 2136 and 72?
24
What is the greatest common divisor of 742 and 14?
14
Calculate the greatest common factor of 182 and 13.
13
What is the highest common divisor of 99 and 231?
33
What is the greatest common divisor of 14 and 16?
2
Calculate the highest common factor of 816 and 48.
48
Calculate the greatest common factor of 7208 and 136.
136
Calculate the greatest common divisor of 7367 and 278.
139
What is the highest common divisor of 46 and 48346?
46
Calculate the greatest common factor of 115 and 69.
23
What is the greatest common divisor of 129 and 344?
43
Calculate the greatest common factor of 132 and 300.
12
Calculate the greatest common factor of 2619 and 270.
27
Calculate the greatest common factor of 272 and 48.
16
Calculate the highest common factor of 48 and 60.
12
Calculate the highest common divisor of 192 and 320.
64
What is the greatest common factor of 637 and 26?
13
Calculate the highest common divisor of 24 and 63.
3
Calculate the highest common divisor of 7848 and 36.
36
What is the highest common divisor of 49 and 14?
7
What is the greatest common divisor of 3437 and 7?
7
Calculate the highest common divisor of 12243 and 231.
231
Calculate the highest common divisor of 1080 and 40.
40
What is the greatest common divisor of 8319 and 141?
141
What is the greatest common factor of 29539 and 218?
109
What is the highest common factor of 341 and 33?
11
What is the highest common divisor of 370 and 10?
10
What is the highest common divisor of 148 and 481?
37
What is the highest common factor of 11 and 473?
11
Calculate the highest common factor of 4 and 11.
1
What is the highest common factor of 10 and 70390?
10
Calculate the highest common divisor of 704 and 22.
22
What is the highest common divisor of 5 and 35?
5
Calculate the highest common factor of 748 and 272.
68
What is the highest common divisor of 15 and 885?
15
What is the greatest common divisor of 237 and 3?
3
Calculate the greatest common divisor of 15070 and 110.
110
Calculate the highest common factor of 81 and 14661.
81
Calculate the greatest common factor of 5332 and 172.
172
Calculate the greatest common factor of 785 and 45.
5
What is the greatest common divisor of 224 and 49?
7
Calculate the greatest common divisor of 29 and 8903.
29
Calculate the greatest common divisor of 480 and 1950.
30
What is the greatest common factor of 14 and 1358?
14
Calculate the greatest common divisor of 24009 and 159.
159
Calculate the greatest common divisor of 21 and 18.
3
What is the highest common factor of 1391 and 52?
13
What is the highest common divisor of 7708 and 164?
164
What is the greatest common factor of 397 and 46846?
397
Calculate the greatest common divisor of 28 and 1876.
28
Calculate the greatest common divisor of 207 and 1311.
69
Calculate the greatest common divisor of 112 and 7042.
14
Calculate the greatest common divisor of 64